{"id":272,"date":"2021-02-06T10:16:32","date_gmt":"2021-02-06T09:16:32","guid":{"rendered":"https:\/\/fbbsburkina.com\/?page_id=272"},"modified":"2021-02-06T10:37:03","modified_gmt":"2021-02-06T09:37:03","slug":"bureau-executif","status":"publish","type":"page","link":"https:\/\/fbbsburkina.com\/index.php\/bureau-executif\/","title":{"rendered":"Liste des membres du bureau ex\u00e9cutif de la F\u00e9d\u00e9ration Burkinab\u00e8 de Baseball et Softball"},"content":{"rendered":"\n<figure class=\"wp-block-table\"><table><tbody><tr><td><strong>N<\/strong><\/td><td><strong>POSTE<\/strong><\/td><td><strong>NOM<\/strong><\/td><td><strong>PR\u00c9NOM<\/strong><\/td><td><strong>CONTACT<\/strong><\/td><\/tr><tr><td>1<\/td><td><strong>Pr\u00e9sident<\/strong><\/td><td>SIBORE<\/td><td>Ibrahima<\/td><td>72 40 45 16\/ 68 87 42 42<\/td><\/tr><tr><td>2<\/td><td><strong>Vice-pr\u00e9sident<\/strong><\/td><td>OUEDRAOGO<\/td><td>Sidiki<\/td><td>70 31 60 83\/ 68 97 81 68<\/td><\/tr><tr><td>3<\/td><td><strong>Secr\u00e9taire g\u00e9n\u00e9ral<\/strong><\/td><td>ILBOUDO<\/td><td>Issa<\/td><td>76 26 53 73\/ 61 84 31 61<\/td><\/tr><tr><td>4<\/td><td><strong>Tr\u00e9sori\u00e8re g\u00e9n\u00e9rale<\/strong><\/td><td>DAO\/KOMBOIGO<\/td><td>L\u00e9onie<\/td><td>70 14 34 54\/ 65 99 66 53<\/td><\/tr><tr><td>5<\/td><td><strong>Tr\u00e9sori\u00e8re g\u00e9n\u00e9rale adjointe<\/strong><\/td><td>OUEDRAOGO<\/td><td>O.A.F. Mariam<\/td><td>78 81 20 24\/ 72 28 98 11<\/td><\/tr><tr><td>6<\/td><td><strong>Secr\u00e9taire \u00e0 l&rsquo;organisation et \u00e0 la mobilisation<\/strong><\/td><td>ZERBO<\/td><td>Dramane<\/td><td>70 36 57 73\/ 76 68 69 63<\/td><\/tr><tr><td>7<\/td><td><strong>Secr\u00e9taire \u00e0 l&rsquo;organisation et \u00e0 la mobilisation<\/strong><\/td><td>YONLI<\/td><td>Andr\u00e9<\/td><td>70 94 19 74\/79 05 15 58<\/td><\/tr><tr><td>8<\/td><td><strong>Secr\u00e9taire \u00e0 la communication, aux relations ext\u00e9rieures et au marketing<\/strong><\/td><td>YARO<\/td><td>Rita Abibata<\/td><td>61 38 32 52<\/td><\/tr><tr><td>9<\/td><td><strong>Secr\u00e9taire \u00e0 la communication, aux relations ext\u00e9rieures et au marketing adjoint<\/strong><\/td><td>SOME<\/td><td>Aboubacar<\/td><td>74 91 36 59<\/td><\/tr><tr><td>10<\/td><td><strong>Charg\u00e9 du Softball<\/strong><\/td><td>BATIONO<\/td><td>B. Florentin<\/td><td>78 30 64 22<\/td><\/tr><tr><td>11<\/td><td><strong>Charg\u00e9e du genre, de la rel\u00e8ve et du Baseball5<\/strong><\/td><td>DAKUYO\/DIAWARA<\/td><td>Hortense<\/td><td>70 73 91 92<\/td><\/tr><tr><td>12<\/td><td><strong>Charg\u00e9 du genre, de la rel\u00e8ve et du Baseball5<\/strong><\/td><td>DA<\/td><td>Romaric<\/td><td>s\/c 73 62 92 34<\/td><\/tr><tr><td>13<\/td><td><strong>Directeur technique national<\/strong><\/td><td>ZABRE<\/td><td>Henza C\u00e9dric Junior<\/td><td>55 34 04 68<\/td><\/tr><\/tbody><\/table><\/figure>\n\n\n\n<p><\/p>\n","protected":false},"excerpt":{"rendered":"<p>N POSTE NOM PR\u00c9NOM CONTACT 1 Pr\u00e9sident SIBORE Ibrahima 72 40 45 16\/ 68 87 42 42 2 Vice-pr\u00e9sident OUEDRAOGO Sidiki 70 31 60 83\/ 68 97 81 68 3 Secr\u00e9taire g\u00e9n\u00e9ral ILBOUDO Issa 76 26 53 73\/ 61 84 31 61 4 Tr\u00e9sori\u00e8re g\u00e9n\u00e9rale DAO\/KOMBOIGO L\u00e9onie 70 14 34 54\/ 65 99 66 53 [&hellip;]<\/p>\n","protected":false},"author":1,"featured_media":0,"parent":0,"menu_order":0,"comment_status":"closed","ping_status":"closed","template":"","meta":{"footnotes":""},"jetpack_sharing_enabled":true,"_links":{"self":[{"href":"https:\/\/fbbsburkina.com\/index.php\/wp-json\/wp\/v2\/pages\/272"}],"collection":[{"href":"https:\/\/fbbsburkina.com\/index.php\/wp-json\/wp\/v2\/pages"}],"about":[{"href":"https:\/\/fbbsburkina.com\/index.php\/wp-json\/wp\/v2\/types\/page"}],"author":[{"embeddable":true,"href":"https:\/\/fbbsburkina.com\/index.php\/wp-json\/wp\/v2\/users\/1"}],"replies":[{"embeddable":true,"href":"https:\/\/fbbsburkina.com\/index.php\/wp-json\/wp\/v2\/comments?post=272"}],"version-history":[{"count":9,"href":"https:\/\/fbbsburkina.com\/index.php\/wp-json\/wp\/v2\/pages\/272\/revisions"}],"predecessor-version":[{"id":288,"href":"https:\/\/fbbsburkina.com\/index.php\/wp-json\/wp\/v2\/pages\/272\/revisions\/288"}],"wp:attachment":[{"href":"https:\/\/fbbsburkina.com\/index.php\/wp-json\/wp\/v2\/media?parent=272"}],"curies":[{"name":"wp","href":"https:\/\/api.w.org\/{rel}","templated":true}]}}